igit of i?
8
Suppose 0 = -10*k + 9*k + 3. What is the units digit of k?
3
Suppose -10*h - 1453 = -5*o - 9*h, 3*o = -3*h + 861. What is the tens digit of o?
9
Let p(c) = -2*c**2 + 12*c - 9. Let l be p(8). Let z = -29 - l. What is the tens digit of z?
1
Let g = 22 + -23. Suppose -4*q - 46 = 5*l - 6*q, -5*q + 7 = l. Let n = g - l. What is the units digit of n?
7
Let m(k) = -k**2 - 14*k - 6. Let l be m(-12). Suppose -2*o + l = 2*u - 0*u, 4 = -4*o. What is the units digit of u?
0
Suppose 127*r = 125*r + 644. What is the units digit of r?
2
Let p(n) = n**3 - 5*n**2 - 5*n + 3. Let j be (-47)/(-8) - (-1)/8. What is the units digit of p(j)?
9
Let t = 216 + -145. What is the units digit of t?
1
Suppose -d + 3*d - 4 = 0. Suppose d = 2*p, 2*n - 19 = -0*n + 3*p. What is the tens digit of n?
1
Let a(d) = 2*d**3 + d**2 + 10*d - 2. What is the tens digit of a(4)?
8
Suppose -6*o - 43 = -517. What is the tens digit of o?
7
Let k = -65 + 23. Let q be 1/(-3) - k/(-9). What is the units digit of q*(34/(-10) - -1)?
2
Suppose -4*v + l + 42 + 17 = 0, 61 = 4*v + l. Let g = v - -11. Suppose -3*a + g = -d, 3*d - 38 = -5*a + 24. What is the tens digit of a?
1
Suppose 7*g + 7 = 126. What is the tens digit of g?
1
Suppose -b - 80 = -3*b. Suppose -4*w = w - b. What is the units digit of w?
8
Suppose 3*m - 6 = h - 31, 64 = 2*h + m. What is the units digit of h?
1
Suppose 12 = -5*f + 32. Suppose 4*n = 5 + 3. Suppose n*d - 3*d = -f. What is the units digit of d?
4
Suppose 0*a + a = 3. Suppose a*l = 2*l + 4. What is the units digit of l?
4
Let w(j) = j**2 - 10*j + 1. Let g be (15/2)/((-9)/(-12)). What is the units digit of w(g)?
1
Let d = -267 - -461. What is the tens digit of d?
9
Let o(n) = -n**2 + 10*n + 11. Let w be (6/2)/(8/24). What is the units digit of o(w)?
0
Let h = 26 - 58. Let q = 47 + h. What is the tens digit of q?
1
Suppose 0 = -5*i, -6*r + 2*i - 181 = -7*r. What is the tens digit of r?
8
Suppose -2*v + 312 = 3*v - a, 0 = 2*v - 4*a - 114. What is the units digit of v?
3
Let y = -8 + 10. Suppose -4*t + 5*d + 99 = 0, -y*t + 4*t - 36 = -2*d. What is the tens digit of t?
2
Suppose 6*u - 12 = 3*u. Suppose u*i = -0*i + 48. What is the tens digit of i?
1
Let g(q) = -2*q + 2 + 4 + 2*q - q. What is the tens digit of g(-6)?
1
Suppose 0 = -d - 7*d + 488. What is the units digit of d?
1
Let q(h) be the first derivative of -h**4/4 - h**3 - 3*h**2/2 - 7*h + 1. What is the units digit of q(-5)?
8
Suppose -c = 5*h + 4*c - 355, 2*h - 151 = c. Suppose 0 = -5*q - 2*z + h, 2*z = 2*q + z - 35. What is the units digit of q?
6
Let l(r) = r**3 - 8*r**2 + 7*r + 9. Let m be l(7). Let o = m - 5. Suppose o*h + 4 - 16 = 0. What is the units digit of h?
3
Suppose 3*z + 5 = -6*g + 4*g, 3*z - 4*g - 1 = 0. Let d(v) = -v + 1. Let c be d(z). Suppose 0 = -3*w + 22 + c. What is the units digit of w?
8
Let v(f) = 10*f**3 + 3*f**2 - f - 2. Let i be v(2). Suppose 5*h + i = h. Let m = -16 - h. What is the units digit of m?
6
Let v(a) be the third derivative of 7*a**4/24 - 2*a**3/3 - a**2. Let y be v(4). What is the units digit of 10/4*y/15?
4
Let u be (-3)/9*(9 + (-2 - -2)). Suppose -14 = 3*f + 5*s, -s = -2*f - 0*f + 8. Let g = f - u. What is the units digit of g?
5
Let m = -5 + 2. Let r(n) = -n**3 - n - 3. What is the tens digit of r(m)?
2
Suppose -3*j + 907 = 2*j + 4*k, -3*j + 4*k + 557 = 0. What is the tens digit of j?
8
Let i = 313 - 48. What is the tens digit of i?
6
Suppose 76 = -0*m + 3*m + r, m - 5*r = 36. What is the units digit of m?
6
Suppose -80 = 3*r - 8*r. What is the units digit of r?
6
Let v(c) be the second derivative of -c**6/120 - c**5/30 + c**4/12 - c**2/2 + 2*c. Let i(m) be the first derivative of v(m). What is the units digit of i(-3)?
3
Let m = 444 - 207. What is the hundreds digit of m?
2
Let b(g) = -19*g**3 - 2*g - 1. Let l be b(-1). Suppose -x + 2*r + l = 0, -x - 50 = -4*x + 4*r. What is the tens digit of x?
1
Let t = 7 + -5. Let u(p) = -2*p + 1. Let v be u(t). Let m = 3 - v. What is the units digit of m?
6
Suppose 4*z - 10 = 2, o - 4*z = 4. What is the units digit of o?
6
What is the units digit of 15 - (-2 + 1) - -1?
7
Suppose -7 = -d - c, d + d + 1 = -5*c. Let y = d + -5. What is the units digit of y?
7
Suppose -4*j + 767 = -d, -j - 2*j = -3*d - 573. What is the hundreds digit of j?
1
Let j be 5/(5/(-3)) + 8. What is the units digit of 3/(-12)*0 + j?
5
Suppose -4*k + 4*u + 28 = 0, -6*u - 26 = -5*k - 4*u. Suppose 6 = -5*t + 4*a + 18, k*t - 2*a - 6 = 0. Suppose -3*c + 0*c + 18 = t. What is the units digit of c?
6
Let t(u) = -3*u - 3. Let x be t(-4). Let l = x - 4. Suppose -l*w + 11 = -14. What is the units digit of w?
5
Let h(g) = 4*g - 1. Let l(q) be the third derivative of q**4/24 - 3*q**2. Let z(u) = 6*h(u) - 26*l(u). What is the units digit of z(-6)?
6
Let q = 36 + -3. What is the tens digit of q?
3
Let n(u) = 2*u**3 - 2*u**2 - u - 1. Let m be n(2). Suppose -d + 8 = -m*d. Let b = d - -4. What is the units digit of b?
2
What is the units digit of ((-33)/(-12))/((-6)/(-192))?
8
Let k(j) = 3*j**3 - 5*j**2 + 6*j - 2. Let t(h) = -h**3 - h**2 + h - 1. Let u(g) = -k(g) - 2*t(g). What is the units digit of u(5)?
4
Let y = 1 - 1. Suppose 17 = 5*d - 3*d + b, y = 4*b - 4. Let a = d - 3. What is the units digit of a?
5
Suppose -64 = -2*o - 2*o. Let u be o/24*(-6)/4. Let d(y) = -11*y**3 - y - 1. What is the units digit of d(u)?
1
Let g(h) = 11*h + 9. What is the hundreds digit of g(15)?
1
Let g(l) = -2*l**3 - 3*l**2 + 5*l - 1. Let n be g(-4). Let a = n - 42. What is the tens digit of a?
1
Suppose j = 5 + 16. Suppose 120 = 2*g + 2*g. Let d = g - j. What is the units digit of d?
9
Suppose 0*l - 3*l = h + 34, h + 23 = -2*l. Suppose 5*p = 15, -4*p - 84 = -8*n + 4*n. Let u = n + l. What is the tens digit of u?
1
Suppose 6*i - 3*i - 5*v - 277 = 0, 0 = -3*i + 2*v + 262. What is the units digit of i?
4
Let t = -185 - -286. What is the units digit of t?
1
Suppose -6 + 0 = -2*v. Let w(b) = -b**2 + 4*b + 1. Let r be w(v). What is the units digit of (-2)/(-4) + 10/r?
3
Let g(z) = z**3 + 7*z**2 + 4*z + 1. Let j be (6/(-8))/(8/64). What is the tens digit of g(j)?
1
Let q(o) = -2*o - 12. Let i be q(-8). Suppose 0 = i*z - 3*h + 41, 5*z + 0*h - 2*h + 46 = 0. What is the units digit of ((-3)/1)/(6/z)?
4
Let a = 2 + 1. Let h = -12 + a. What is the units digit of (-2 - h)/1 + -2?
5
What is the units digit of -3*1/1*(-31 + 0)?
3
Let s(a) = -5*a**3 + 16*a - 9. Let h(v) = -v**3 + 3*v - 2. Let j(p) = -11*h(p) + 2*s(p). Let u(q) = -q**2. Let b be u(0). What is the units digit of j(b)?
4
Let a(t) = t - 3. Let p be a(9). Suppose -j + p = 2*j, -j = -r + 7. Let q = 17 - r. What is the units digit of q?
8
Let g = -2 - -4. What is the units digit of (-602)/(-49) + g/(-7)?
2
Let s be 0/(-3) - -2 - 2. Suppose 4*a + 4*t - 13 - 83 = s, -96 = -4*a + 5*t. Suppose -k - 5*x = 1 - a, 0 = 4*k + 5*x - 47. What is the units digit of k?
8
Suppose -2*x + 3*x - 4 = 0. Suppose -74 - 54 = -x*s. What is the tens digit of s?
3
Let m(f) = f**2 + 3*f + 2. Let k be m(-2). Suppose k = c - 6. Let i = c + -2. What is the units digit of i?
4
Let k be 172/6*(-3)/(-2). Let x = k + -16. What is the units digit of x?
7
Suppose 2*y = -2*w + 12, y + 3*w = 4 + 4. Let a = y + 11. What is the tens digit of a?
1
Let v(a) = a + 7. Let q be v(5). Suppose -q - 10 = -2*u. What is the tens digit of u?
1
Suppose -9*u = -1548 - 360. What is the units digit of u?
2
Suppose 5*o - 4*m = 161, -2*o + 3*m + 99 = o. What is the tens digit of o?
2
Let t(l) = -2*l + 7*l + l - 5*l - 3. Let f be t(6). Suppose 5*y + 15 = 5*u, 0*y - f*y = u - 11. What is the units digit of y?
2
Let q(l) be the first derivative of l**4/4 - 5*l**3/3 + l**2/2 + 3*l + 8. What is the units digit of q(5)?
8
Let u be ((-4)/(-5))/(12/90). Let l = u + -3. What is the tens digit of (-3)/2*(-20)/l?
1
Let y(p) = p**3 + 10*p**2 - 11*p + 5. What is the units digit of y(-11)?
5
Let u(z) = -3*z - 2. Let i be u(-2). Let r = -3 + i. Suppose -10 = -2*w + 2*o, r = -o + 3. What is the units digit of w?
7
Let a(z) = -5*z + z**2 + 0*z - 4 + 5 + 2*z. Suppose u + 4*u = 15. What is the units digit of a(u)?
1
Let n = -58 + 83. What is the units digit of n?
5
Let g = 768 - 485. What is the hundreds digit of g?
2
Suppose -10 = -r - r. Suppose -109 = -r*q - 2*n, -n + 0*n = 3*q - 65. What is the units digit of q?